6)))/(9/(-24)). Suppose o + 6*r - 2*r = 208, -796 = -g*o - 4*r. What is the hundreds digit of o?
1
Suppose 5*r - 4*h - 21 = 0, 4*r - 2*h - 10 = 2. Let k be 6 - 1 - (r + 1). Suppose -n + 32 = k*n - 3*u, 5*n - 3*u = 40. What is the units digit of n?
8
Suppose -12*d + 5606 + 30622 = 0. What is the hundreds digit of d?
0
Let q = 4 - 0. Suppose 60 = m + 5*t, -m + 100 = -q*t + 22. What is the tens digit of m?
7
Let s(u) = -u**2 - 12*u - 6. Let p be s(-6). Suppose -2*b + p = 5*h - 5*b, 2*b + 19 = 3*h. Let j = 8 - h. What is the units digit of j?
5
Suppose h = -3, -3*q + 1986 = 2*h - 0*h. What is the hundreds digit of q?
6
Suppose -13*p + 10 = -8*p. Let q = p - -49. What is the units digit of q?
1
Suppose -4*s + 290 = -2*n - 3*n, 5*n + 4*s = -250. Let p = n - -77. What is the tens digit of p?
2
Suppose 2898 = 31*x - 25*x. What is the tens digit of x?
8
Suppose -2*s - 2*s + 660 = 0. Let n = -408 + 408. Suppose n = -2*m + s - 41. What is the units digit of m?
2
Suppose 0*h = -3*h - 3. Let z = 51 + h. Suppose z = -0*q + 2*q. What is the units digit of q?
5
Suppose 3*v = -2*v + 5*d + 3625, d = -2*v + 1438. What is the hundreds digit of v?
7
Let s(n) = 11*n + 2. Let b be s(9). Suppose 4*l + b = -67. Let t = 71 + l. What is the units digit of t?
9
Let y(n) = n - 39. Let m be y(0). What is the units digit of (4 + m/9)*-255?
5
Suppose v + 876 = -11*v. Let k = 99 + v. What is the units digit of k?
6
Let u(l) = -63*l**3 + 4*l**2 + 8*l + 6. What is the hundreds digit of u(-3)?
7
Suppose 0 = 3*i - n - 41, 3*n = 2*i + 2*n - 26. Let m(z) = 3*z - 22. What is the units digit of m(i)?
3
Let f = 59 - 57. Suppose 3*h - 480 = -f*h. What is the units digit of h?
6
Let c(s) = s - 5. Let p be c(-6). Let x be 981/p - 4/(-22). Let k = -64 - x. What is the tens digit of k?
2
Let b(i) = 37*i + 83. What is the hundreds digit of b(28)?
1
Suppose 4*h - 362 = -u, -2*h - 1513 = -3*u - 371. What is the tens digit of u?
7
Let j = 2394 - 395. What is the thousands digit of j?
1
Let z be (722/(-57))/((-2)/(-3)). Let r = 68 - z. What is the units digit of r?
7
Let h(u) = u - 8 - u + 2*u. Let m be h(7). What is the units digit of (-2)/3 - (-154)/m?
5
Suppose -3*x = -5*h - 6*x + 21, -5*h + 23 = 4*x. Suppose h*k = -10 - 62. What is the units digit of (k/(-36))/(1/81)?
4
Let l(k) = -k + 7. Let f(b) = b**2 + 5*b + 6. Let p be f(-4). Suppose 5*z - 3 - 1 = -p*r, 4*r + 36 = z. What is the units digit of l(r)?
5
Let x = -19 - -29. Suppose 0 = -7*m + 2*m + x. Suppose a - 10 = -m. What is the units digit of a?
8
Let q = 150 + -146. Suppose -3*m + 734 = q*i, 268 = m - i + 28. What is the tens digit of m?
4
Suppose -50795 - 52099 = -22*k. What is the units digit of k?
7
Suppose -14*c = -28*c + 5712. What is the tens digit of c?
0
Let x(n) = n**2 - 3*n - 22. Let q be x(16). Suppose -2*d - 16 = -q. Suppose 63 = 3*j + m, 5*j + 4*m = 27 + d. What is the units digit of j?
0
Let v be ((-3)/2)/((-12)/40). Suppose 8 = 3*j + d, v*j - 5*d - 10 = 10. What is the tens digit of (-2)/((j/21)/(-1))?
1
Suppose -270 = -5*j + 1650. What is the units digit of j?
4
Suppose 0 = -3*s - f + 157, 0 = s + 2*s + 4*f - 169. What is the tens digit of s - (2 - 0/(-2))?
4
Suppose 42*m = -389 + 1943. What is the units digit of m?
7
Let o(q) = 15 + 31 - 8 + 2*q - q. What is the tens digit of o(-11)?
2
Suppose 4*g + 4*x = 3*g + 141, 4*g = -4*x + 504. Let j = g - 19. What is the units digit of j?
2
Let y = -35 + 38. Suppose -2*g = 10, -2*w + g = y*w - 140. What is the tens digit of w?
2
Let k(l) = l - 12. Let a be k(0). Let h = -21 - a. What is the tens digit of (-4)/(-12) - 222/h?
2
Let t(j) = -j**3 - 5*j**2 + 7*j - 7. Let d be t(-6). Let p = 33 + d. What is the units digit of p?
0
Suppose 9*l = 2136 + 3534. What is the hundreds digit of l?
6
Suppose 1147 = 7*p - 4208. What is the hundreds digit of p?
7
Let q = 221 + -74. Suppose b + 2*b + q = 0. Let u = 70 + b. What is the units digit of u?
1
Let n(j) = -5*j - 22. Let h(k) = 2*k + 1 + 6 - k + k. Let s(z) = -8*h(z) - 3*n(z). What is the units digit of s(5)?
5
Suppose -2*x - 309 = -3*r, 5*x + 45 = r - 58. What is the units digit of r?
3
Suppose o - 7*o + 5922 = 0. What is the hundreds digit of o?
9
Let t(w) = w**3 + 8*w**2 + 7*w + 4. Let f be t(-5). Suppose 2*o = o. Let q = f - o. What is the tens digit of q?
4
Suppose s - 12 = 3*h, 0 = -2*s - 0*h - 5*h - 31. Let u be (-38)/(-12) - s/(-18). Suppose -5*v = u*n - 70, -6 - 20 = -v - 3*n. What is the tens digit of v?
1
Let x be (-5)/20*-4*3. Suppose -g + x*v - v = -105, 0 = -5*g + 4*v + 495. What is the tens digit of g?
9
Suppose 2*g + 1 = 2*v - 5, -9 = 3*g. Suppose v = 3*t - 7*t + 44. What is the tens digit of t?
1
Let q = 43 - 34. Suppose -q*w + 1493 = 161. What is the tens digit of w?
4
Suppose -26 = -5*r + 39. Let i = -9 + r. Suppose i*a = -3*m + 134, -2*a + 58 = -4*m + m. What is the tens digit of a?
3
Let a(l) = -6*l**3 + 3*l + 2. Let m be a(-1). Suppose -m*f + 504 = 2*q, 4*f = 2 + 14. What is the hundreds digit of q?
2
Let y = 959 - 11. What is the hundreds digit of y?
9
Suppose -5*q = -15*q + 2110. What is the hundreds digit of q?
2
Let l be (-2)/(6/(-423)*1). Suppose 25*f = 22*f + l. What is the tens digit of f?
4
Let c(h) = -148*h - 123. What is the tens digit of c(-6)?
6
Suppose 3*l - 4*l - 29 = 0. Suppose -350 = -60*v + 55*v. Let g = l + v. What is the tens digit of g?
4
Let h = -44 + -197. Let w = h - -373. What is the tens digit of w?
3
Suppose -4*v - 4*x + 726 = -390, -v = -x - 285. What is the tens digit of v?
8
Suppose 0 = -11*u + 10*u + 37. Let t = u - 26. What is the tens digit of t?
1
Let d = -21 - -24. Suppose -10*a - d*a = -2119. What is the hundreds digit of a?
1
Suppose 3*p + p - 2*f = 3166, -5*f = -5*p + 3960. What is the tens digit of p?
9
Suppose -3*j + j - 2 = 0, -5*j + 2810 = 5*q. What is the tens digit of q?
6
Suppose 2*j - 7*j = 3*p - 4, -3*p + 4*j + 13 = 0. Let n(b) = 7*b**2 + 4*b - 2. What is the units digit of n(p)?
3
Let l = -252 - 17. Let i = -183 - l. What is the tens digit of i?
8
Let g(f) = f**3 - f**2 - 8*f + 6. Let u be g(3). Suppose t + 3*z - 35 + 1 = u, -z = -3*t + 102. What is the tens digit of t?
3
Let i = 3670 + -296. What is the tens digit of i?
7
Let n(t) = t**3 - 9*t**2 - t - 11. Let r(b) = 2*b**3 - 18*b**2 - b - 22. Suppose 22 = 3*g - 17. Let u(h) = g*n(h) - 6*r(h). What is the tens digit of u(10)?
1
Let o = 6503 + -1467. What is the tens digit of o?
3
Suppose 27 + 45 = 4*o. Suppose 0 = 19*y - o*y + 25. Let g = y - -48. What is the units digit of g?
3
Let n = -20 + 162. What is the units digit of n?
2
Suppose 3*c - 3*x - 2292 = 0, -8*x + 3785 = 5*c - 6*x. What is the hundreds digit of c?
7
Suppose 4*j = 4*q - 8, -1 = -2*q + 3. Suppose j = -t + 3*d + 59, 3*t - 163 = -0*t - 5*d. What is the units digit of t?
6
Let d(y) = 2*y**2 + 1. Let b be d(1). Suppose a + 2*a - b = 0. What is the units digit of a?
1
Let a = -1980 + 4263. What is the hundreds digit of a?
2
What is the hundreds digit of 1913/(-4)*-5*(-60)/(-75)?
9
Let v be -3 - 6*-1 - -1. Suppose -2*y + 2*b = 0, 3*y - 6 = -v*b - 20. What is the units digit of -3*(y/(-6) + -1)?
2
Let g(q) = -5*q**3 - 2*q - 1. Let d be g(-1). Suppose -d*r + 234 = -6. What is the units digit of r?
0
Suppose 0 = -4*r - 1 + 21, 2*r + 10 = 5*p. Suppose -4*c + p = -0. What is the units digit of c?
1
Let q = 0 - -3. Suppose q*d + 445 = 8*d. Let u = d + -60. What is the units digit of u?
9
Suppose 7*h = -7*h + 16492. What is the thousands digit of h?
1
Let a(c) = -4*c + 7. Let x(y) = 5*y - 8. Let k(g) = -4*a(g) - 3*x(g). Let b be k(12). What is the tens digit of b + 1 - (4 - 5)?
1
Suppose 0 = -d - 1 + 7. Suppose 5*r = 4*r + d. Suppose s + r - 44 = 0. What is the units digit of s?
8
Let q = -32 - -21. What is the units digit of q/(-55) + (-79)/(-5)?
6
Suppose -8 + 54 = j. Let y = 148 - j. What is the units digit of y?
2
Suppose 4*l - i - i = -74, 2*i = 2*l + 38. What is the units digit of (24/l)/(1/(-24))?
2
Let l(b) = 337*b**2 + 11*b. What is the thousands digit of l(2)?
1
Suppose -4*s - 10 = -9*s. What is the tens digit of 11/(-22) - (-245)/s?
2
Suppose -4*n + 3*n = -2. Suppose 4*r - 5*q = 4, -n*r + q = 2*r - 4. Suppose 3*w - 10 + r = 0. What is the units digit of w?
3
Suppose 5*x - 7 = -4*n + 24, x = -4*n + 19. Suppose -s + 0*s - 966 = -n*k, -5*k + 1208 = -